{"id":2841,"date":"2020-09-10T16:34:09","date_gmt":"2020-09-10T13:34:09","guid":{"rendered":"http:\/\/www.lakstingala.vilnius.lm.lt\/?page_id=2841"},"modified":"2026-01-28T15:37:25","modified_gmt":"2026-01-28T13:37:25","slug":"sauluciu-grupe","status":"publish","type":"page","link":"https:\/\/www.lakstingala.vilnius.lm.lt\/?page_id=2841","title":{"rendered":"Saulu\u010di\u0173 grup\u0117"},"content":{"rendered":"<p class=\"western\" style=\"text-align: left;\" align=\"center\"><strong><span style=\"font-family: 'Times New Roman', serif;\"><span style=\"font-size: medium;\"><img loading=\"lazy\" decoding=\"async\" class=\"size-medium wp-image-2802 alignleft\" src=\"http:\/\/www.lakstingala.vilnius.lm.lt\/wp-content\/uploads\/2015\/12\/0007-156x300.jpg\" alt=\"\" width=\"156\" height=\"300\" srcset=\"https:\/\/www.lakstingala.vilnius.lm.lt\/wp-content\/uploads\/2015\/12\/0007-156x300.jpg 156w, https:\/\/www.lakstingala.vilnius.lm.lt\/wp-content\/uploads\/2015\/12\/0007-768x1478.jpg 768w, https:\/\/www.lakstingala.vilnius.lm.lt\/wp-content\/uploads\/2015\/12\/0007-532x1024.jpg 532w, https:\/\/www.lakstingala.vilnius.lm.lt\/wp-content\/uploads\/2015\/12\/0007.jpg 2000w\" sizes=\"(max-width: 156px) 100vw, 156px\" \/>Prie\u0161mokyklin\u0117 grup\u0117: 6<\/span><\/span><span style=\"font-family: 'Times New Roman', serif;\"><span style=\"font-size: medium;\">&nbsp;\u2013 7&nbsp;m.<\/span><\/span><\/strong><\/p>\n<p class=\"western\"><span style=\"font-family: 'Times New Roman', serif;\"><span style=\"font-size: medium;\"><i><b>Prie\u0161mokyklinio ugdymo mokytojos:<\/b><\/i><\/span><\/span><\/p>\n<p class=\"western\"><span style=\"font-family: 'Times New Roman', serif;\"><span style=\"font-size: medium;\">Nelia Krupovi\u010d, <\/span><\/span><\/p>\n<p align=\"left\"><span style=\"font-family: Times New Roman, serif;\"><span style=\"font-size: medium;\"><span style=\"color: #373737;\"><span lang=\"lt-LT\">Inesa Savicka<\/span><\/span><\/span><\/span><\/p>\n<p class=\"western\"><span style=\"font-family: 'Times New Roman', serif;\"><span style=\"font-size: medium;\"><i><b>Mokytojo pad\u0117j\u0117ja:<\/b><\/i><\/span><\/span><\/p>\n<p class=\"western\"><span style=\"font-family: 'Times New Roman', serif;\"><span style=\"font-size: medium;\">Dalia Piurkien\u0117 <\/span><\/span><\/p>\n<p class=\"western\"><span style=\"font-size: medium;\"><strong><span style=\"font-family: 'Times New Roman', serif;\">Grup\u0117s telefono numeris<\/span><\/strong><\/span><\/p>\n<p class=\"western\"><span style=\"font-family: 'Times New Roman', serif;\"><span style=\"font-size: medium;\"><span lang=\"en-US\">+37062841219<\/span><\/span><\/span><\/p>\n<p class=\"western\"><strong><span style=\"font-family: 'Times New Roman', serif;\"><span style=\"font-size: medium;\">Mokytoj\u0173\/ grup\u0117s&nbsp;<\/span><\/span><span style=\"font-family: 'Times New Roman', serif;\"><span style=\"font-size: medium;\"><span lang=\"en-US\">el.pa\u0161to<\/span><\/span><\/span><span style=\"font-family: 'Times New Roman', serif;\"><span style=\"font-size: medium;\">&nbsp;adresas<\/span><\/span><\/strong><\/p>\n<div><a href=\"mailto:lakstingala.nelia@gmail.com\" target=\"_blank\" rel=\"noopener\">lakstingala.nelia@gmail.com<\/a><\/div>\n<div><a href=\"mailto:lakstingala.inesa@gmail.com\" target=\"_blank\" rel=\"noopener\">lakstingala.inesa@gmail.com<\/a><\/div>\n","protected":false},"excerpt":{"rendered":"<p>Prie\u0161mokyklin\u0117 grup\u0117: 6&nbsp;\u2013 7&nbsp;m. Prie\u0161mokyklinio ugdymo mokytojos: Nelia Krupovi\u010d, Inesa Savicka Mokytojo pad\u0117j\u0117ja: Dalia Piurkien\u0117 Grup\u0117s telefono numeris +37062841219 Mokytoj\u0173\/ grup\u0117s&nbsp;el.pa\u0161to&nbsp;adresas lakstingala.nelia@gmail.com lakstingala.inesa@gmail.com<\/p>\n","protected":false},"author":1,"featured_media":0,"parent":46,"menu_order":10,"comment_status":"closed","ping_status":"closed","template":"","meta":{"ngg_post_thumbnail":0,"footnotes":""},"_links":{"self":[{"href":"https:\/\/www.lakstingala.vilnius.lm.lt\/index.php?rest_route=\/wp\/v2\/pages\/2841"}],"collection":[{"href":"https:\/\/www.lakstingala.vilnius.lm.lt\/index.php?rest_route=\/wp\/v2\/pages"}],"about":[{"href":"https:\/\/www.lakstingala.vilnius.lm.lt\/index.php?rest_route=\/wp\/v2\/types\/page"}],"author":[{"embeddable":true,"href":"https:\/\/www.lakstingala.vilnius.lm.lt\/index.php?rest_route=\/wp\/v2\/users\/1"}],"replies":[{"embeddable":true,"href":"https:\/\/www.lakstingala.vilnius.lm.lt\/index.php?rest_route=%2Fwp%2Fv2%2Fcomments&post=2841"}],"version-history":[{"count":6,"href":"https:\/\/www.lakstingala.vilnius.lm.lt\/index.php?rest_route=\/wp\/v2\/pages\/2841\/revisions"}],"predecessor-version":[{"id":5109,"href":"https:\/\/www.lakstingala.vilnius.lm.lt\/index.php?rest_route=\/wp\/v2\/pages\/2841\/revisions\/5109"}],"up":[{"embeddable":true,"href":"https:\/\/www.lakstingala.vilnius.lm.lt\/index.php?rest_route=\/wp\/v2\/pages\/46"}],"wp:attachment":[{"href":"https:\/\/www.lakstingala.vilnius.lm.lt\/index.php?rest_route=%2Fwp%2Fv2%2Fmedia&parent=2841"}],"curies":[{"name":"wp","href":"https:\/\/api.w.org\/{rel}","templated":true}]}}