{"id":4551,"date":"2023-08-18T10:12:51","date_gmt":"2023-08-18T07:12:51","guid":{"rendered":"http:\/\/www.lakstingala.vilnius.lm.lt\/?page_id=4551"},"modified":"2023-08-18T10:12:51","modified_gmt":"2023-08-18T07:12:51","slug":"rekomendacijos-tevams-apie-pirmoku-adaptacija","status":"publish","type":"page","link":"https:\/\/www.lakstingala.vilnius.lm.lt\/?page_id=4551","title":{"rendered":"Rekomendacijos t\u0117vams apie pirmok\u0173 adaptacij\u0105"},"content":{"rendered":"<p><a href=\"http:\/\/www.lakstingala.vilnius.lm.lt\/wp-content\/uploads\/2023\/08\/Adaptacija-pirmokams-rekomendacijos-tevams.pdf\" target=\"_blank\" rel=\"noopener noreferrer\">Vilniaus pedagogin\u0117 psichologin\u0117 tarnyba pareng\u0117 rekomendacijas t\u0117vams apie pirmok\u0173 adaptacij\u0105.<\/a><\/p>\n","protected":false},"excerpt":{"rendered":"<p>Vilniaus pedagogin\u0117 psichologin\u0117 tarnyba pareng\u0117 rekomendacijas t\u0117vams apie pirmok\u0173 adaptacij\u0105.<\/p>\n","protected":false},"author":1,"featured_media":0,"parent":74,"menu_order":5,"comment_status":"closed","ping_status":"closed","template":"","meta":{"ngg_post_thumbnail":0,"footnotes":""},"_links":{"self":[{"href":"https:\/\/www.lakstingala.vilnius.lm.lt\/index.php?rest_route=\/wp\/v2\/pages\/4551"}],"collection":[{"href":"https:\/\/www.lakstingala.vilnius.lm.lt\/index.php?rest_route=\/wp\/v2\/pages"}],"about":[{"href":"https:\/\/www.lakstingala.vilnius.lm.lt\/index.php?rest_route=\/wp\/v2\/types\/page"}],"author":[{"embeddable":true,"href":"https:\/\/www.lakstingala.vilnius.lm.lt\/index.php?rest_route=\/wp\/v2\/users\/1"}],"replies":[{"embeddable":true,"href":"https:\/\/www.lakstingala.vilnius.lm.lt\/index.php?rest_route=%2Fwp%2Fv2%2Fcomments&post=4551"}],"version-history":[{"count":1,"href":"https:\/\/www.lakstingala.vilnius.lm.lt\/index.php?rest_route=\/wp\/v2\/pages\/4551\/revisions"}],"predecessor-version":[{"id":4553,"href":"https:\/\/www.lakstingala.vilnius.lm.lt\/index.php?rest_route=\/wp\/v2\/pages\/4551\/revisions\/4553"}],"up":[{"embeddable":true,"href":"https:\/\/www.lakstingala.vilnius.lm.lt\/index.php?rest_route=\/wp\/v2\/pages\/74"}],"wp:attachment":[{"href":"https:\/\/www.lakstingala.vilnius.lm.lt\/index.php?rest_route=%2Fwp%2Fv2%2Fmedia&parent=4551"}],"curies":[{"name":"wp","href":"https:\/\/api.w.org\/{rel}","templated":true}]}}