{"id":4773,"date":"2024-09-11T08:59:11","date_gmt":"2024-09-11T05:59:11","guid":{"rendered":"http:\/\/www.lakstingala.vilnius.lm.lt\/?page_id=4773"},"modified":"2024-09-11T10:01:32","modified_gmt":"2024-09-11T07:01:32","slug":"aplinkos-pritaikymas","status":"publish","type":"page","link":"https:\/\/www.lakstingala.vilnius.lm.lt\/?page_id=4773","title":{"rendered":"Aplinkos pritaikymas"},"content":{"rendered":"<p>ngg_shortcode_0_placeholderGrup\u0117se \u012frengti nusiraminimo kampeliai, vietos, kuriose vaikai gali ramiai pab\u016bti vieni, pails\u0117ti. Grup\u0117s erdv\u0117s suskirstytos \u012f ma\u017eesnes erdves pagal ugdomas kompetencijas, veiklos centrus su tam tikroms veikloms tinkamomis priemon\u0117mis.<br \/>\nFizin\u0117 aplinka informatyvi, su ai\u0161kiomis vizualin\u0117mis nuorodomis, simboliais, parengtos atitinkamos ugdymo priemon\u0117s.<br \/>\nDar\u017eelyje \u012frengtas sensorinis kambarys. \u0160ioje unikalioje aplinkoje, pritaikytoje vis\u0173 poj\u016b\u010di\u0173 su\u017eadinimui ir stimuliavimui, organizuojamos \u012fvairios edukacin\u0117s veiklos, taikomi special\u016bs pratimai, skirti nuraminti ar net prie\u0161ingai suaktyvinti vaik\u0173 sensorinius poj\u016b\u010dius. Sensorin\u0117 aplinka pasitarnauja savireguliacijai, kai vaikui yra suteikiama erdv\u0117 pa\u010diam susitvarkyti su i\u0161\u0161\u016bkiais, nusiraminti ir atsipalaiduoti.<\/p>\n","protected":false},"excerpt":{"rendered":"<p>Grup\u0117se \u012frengti nusiraminimo kampeliai, vietos, kuriose vaikai gali ramiai pab\u016bti vieni, pails\u0117ti. Grup\u0117s erdv\u0117s suskirstytos \u012f ma\u017eesnes erdves pagal ugdomas kompetencijas, veiklos centrus su tam tikroms veikloms tinkamomis priemon\u0117mis. Fizin\u0117 aplinka informatyvi, su ai\u0161kiomis vizualin\u0117mis nuorodomis, simboliais, parengtos atitinkamos ugdymo &hellip; <a href=\"https:\/\/www.lakstingala.vilnius.lm.lt\/?page_id=4773\">Skaitykite toliau <span class=\"meta-nav\">&rarr;<\/span><\/a><\/p>\n","protected":false},"author":1,"featured_media":0,"parent":4769,"menu_order":1,"comment_status":"closed","ping_status":"closed","template":"","meta":{"ngg_post_thumbnail":0,"footnotes":""},"_links":{"self":[{"href":"https:\/\/www.lakstingala.vilnius.lm.lt\/index.php?rest_route=\/wp\/v2\/pages\/4773"}],"collection":[{"href":"https:\/\/www.lakstingala.vilnius.lm.lt\/index.php?rest_route=\/wp\/v2\/pages"}],"about":[{"href":"https:\/\/www.lakstingala.vilnius.lm.lt\/index.php?rest_route=\/wp\/v2\/types\/page"}],"author":[{"embeddable":true,"href":"https:\/\/www.lakstingala.vilnius.lm.lt\/index.php?rest_route=\/wp\/v2\/users\/1"}],"replies":[{"embeddable":true,"href":"https:\/\/www.lakstingala.vilnius.lm.lt\/index.php?rest_route=%2Fwp%2Fv2%2Fcomments&post=4773"}],"version-history":[{"count":5,"href":"https:\/\/www.lakstingala.vilnius.lm.lt\/index.php?rest_route=\/wp\/v2\/pages\/4773\/revisions"}],"predecessor-version":[{"id":4804,"href":"https:\/\/www.lakstingala.vilnius.lm.lt\/index.php?rest_route=\/wp\/v2\/pages\/4773\/revisions\/4804"}],"up":[{"embeddable":true,"href":"https:\/\/www.lakstingala.vilnius.lm.lt\/index.php?rest_route=\/wp\/v2\/pages\/4769"}],"wp:attachment":[{"href":"https:\/\/www.lakstingala.vilnius.lm.lt\/index.php?rest_route=%2Fwp%2Fv2%2Fmedia&parent=4773"}],"curies":[{"name":"wp","href":"https:\/\/api.w.org\/{rel}","templated":true}]}}