{"id":4981,"date":"2025-03-06T15:27:02","date_gmt":"2025-03-06T13:27:02","guid":{"rendered":"https:\/\/www.lakstingala.vilnius.lm.lt\/?page_id=4981"},"modified":"2025-11-13T15:21:13","modified_gmt":"2025-11-13T13:21:13","slug":"bendra-informacija","status":"publish","type":"page","link":"https:\/\/www.lakstingala.vilnius.lm.lt\/?page_id=4981","title":{"rendered":"Bendra informacija"},"content":{"rendered":"<p><strong><span style=\"font-family: times new roman, serif;\">Lietuvos \u012ftraukties \u0161vietimo centro&nbsp;specialistai pareng\u0117 lankstinukus t\u0117vams.<\/span><\/strong><\/p>\n<p><span style=\"font-family: times new roman, serif;\">Jei mokytojai si\u016blo \u012fvertinti vaiko ugdymosi poreikius, nat\u016bralu, kad t\u0117vams kyla klausim\u0173 ir nerimo.<\/span><\/p>\n<p><span style=\"font-family: times new roman, serif;\">Lankstinukuose rasite ai\u0161ki\u0105 informacij\u0105 apie vertinimo<\/span><\/p>\n<p><span style=\"font-family: times new roman, serif;\">&nbsp;&#8211; <strong><u>tiksl\u0105<\/u>&nbsp;<\/strong>(<u><a href=\"https:\/\/lisc.lt\/wp-content\/uploads\/2025\/08\/1-Tevams_apie-ugdymosi-poreikiu-vertinima.pdf\" target=\"_blank\" rel=\"noopener\" data-saferedirecturl=\"https:\/\/www.google.com\/url?q=https:\/\/lisc.lt\/wp-content\/uploads\/2025\/08\/1-Tevams_apie-ugdymosi-poreikiu-vertinima.pdf&amp;source=gmail&amp;ust=1763124517795000&amp;usg=AOvVaw2ZhPrDP9wXrDIYiIzOGRrq\">1-Tevams_apie-<wbr>ugdymosi-poreikiu-vertinima.<wbr>pdf<\/a><\/u>),<\/span><\/p>\n<p><span style=\"font-family: times new roman, serif;\"><u>&nbsp;&#8211;&nbsp;<\/u><strong><u>eig\u0105<\/u>&nbsp;<\/strong>(<u><a href=\"https:\/\/lisc.lt\/wp-content\/uploads\/2025\/08\/2-Tevams-ugdymosi-poreikiu-vertinimo-eiga.pdf\" target=\"_blank\" rel=\"noopener\" data-saferedirecturl=\"https:\/\/www.google.com\/url?q=https:\/\/lisc.lt\/wp-content\/uploads\/2025\/08\/2-Tevams-ugdymosi-poreikiu-vertinimo-eiga.pdf&amp;source=gmail&amp;ust=1763124517795000&amp;usg=AOvVaw2_eJU4KPOmA_aopCj-J_8n\">2-Tevams-ugdymosi-<wbr>poreikiu-vertinimo-eiga.pdf<\/a><\/u>) mokykloje ir pedagogin\u0117je psichologin\u0117je tarnyboje,&nbsp;<\/span><\/p>\n<div><span style=\"font-family: times new roman, serif;\">&#8211; <strong><u>patarimus<\/u><\/strong>&nbsp;(<u><a href=\"https:\/\/lisc.lt\/wp-content\/uploads\/2025\/08\/3-Tevams_kaip-parengti-vaika-pedagoginiam-psichologiniam-vertinimui.pdf\" target=\"_blank\" rel=\"noopener\" data-saferedirecturl=\"https:\/\/www.google.com\/url?q=https:\/\/lisc.lt\/wp-content\/uploads\/2025\/08\/3-Tevams_kaip-parengti-vaika-pedagoginiam-psichologiniam-vertinimui.pdf&amp;source=gmail&amp;ust=1763124517795000&amp;usg=AOvVaw0HtePE3Vn-7Q-zfapdMVNl\">3-Tevams_kaip-<wbr>parengti-vaika-pedagoginiam-<wbr>psichologiniam-vertinimui.pdf<\/a><\/u>)<wbr>, kaip parengti vaik\u0105, bei t\u0117v\u0173 vaidmen\u012f \u0161iame procese.<\/span><\/div>\n<div>&nbsp;<\/div>\n<p>Mokes\u010dio u\u017e vaiko i\u0161laikym\u0105 Vilniaus miesto savivaldyb\u0117s mokyklose, \u012fgyvendinan\u010diose ikimokyklinio ir prie\u0161mokyklinio ugdymo programas kvitai yra pateikiami el. svetain\u0117je:&nbsp;<a href=\"https:\/\/svietimas.vilnius.lt\/\">https:\/\/svietimas.vilnius.lt\/<\/a>&nbsp;arba&nbsp;<a href=\"https:\/\/darzelis.vilnius.lt\/\">https:\/\/darzelis.vilnius.lt\/<\/a>&nbsp;. Nurodytoje svetain\u0117je reikia prisijungti prie dar\u017eeli\u0173 informacin\u0117s sistemos \u201cMano dar\u017eelis\u201d.<\/p>\n<ul>\n<li><a href=\"http:\/\/www.lakstingala.vilnius.lm.lt\/wp-content\/uploads\/2020\/02\/saskaitos-kaip-rasti.pdf\" target=\"_blank\" rel=\"noopener noreferrer\">Kaip rasti s\u0105skaitas u\u017e dar\u017eel\u012f dar\u017eeli\u0173 informacin\u0117je sistemoje<\/a><\/li>\n<li><a href=\"http:\/\/www.lakstingala.vilnius.lm.lt\/wp-content\/uploads\/2020\/02\/%C4%AEmokos-u%C5%BE-vaik%C5%B3-dar%C5%BEel%C4%AF-bankai.pdf\" target=\"_blank\" rel=\"noopener noreferrer\">\u012emok\u0173 u\u017e vaik\u0173 dar\u017eel\u012f bankuose pavyzd\u017eiai<\/a><\/li>\n<li><a href=\"http:\/\/www.lakstingala.vilnius.lm.lt\/wp-content\/uploads\/2020\/02\/Skolos-teis%C4%97s-aktai.pdf\">D\u0117l nesumok\u0117t\u0173 mokes\u010di\u0173 u\u017e dar\u017eel\u012f i\u0161ie\u0161kojimo tvarkos apra\u0161as<\/a><\/li>\n<\/ul>\n<p><strong><a href=\"http:\/\/www.lakstingala.vilnius.lm.lt\/wp-content\/uploads\/2015\/12\/ikimok_pasiekimu_aprasas.pdf\" target=\"_blank\" rel=\"noopener noreferrer\">Ikimokyklinio am\u017eiaus vaik\u0173 pasiekim\u0173 apra\u0161as<\/a><\/strong><\/p>\n<p>T\u0117vai, turintys paskyras, gali prisijungti ir matyti kvitus. T\u0117vai, kurie neturi susik\u016br\u0119 paskyr\u0173, kvitus gali matyti prisijung\u0119 per elektroninius vald\u017eios vartus:&nbsp;<a href=\"http:\/\/www.epaslaugos.lt\/\">www.epaslaugos.lt<\/a>.<\/p>\n<ul>\n<li><a href=\"http:\/\/www.lakstingala.vilnius.lm.lt\/wp-content\/uploads\/2020\/01\/Pra%C5%A1ymo-%C4%AFgyvendinti-duomen%C5%B3-subjekto-teis%C4%99-es-forma.docx\" target=\"_blank\" rel=\"noopener noreferrer\">Pra\u0161ymo \u012fgyvendinti duomen\u0173 subjekto teis\u0119 (-es) forma<\/a><\/li>\n<li><a href=\"http:\/\/www.lakstingala.vilnius.lm.lt\/wp-content\/uploads\/2020\/01\/Duomen%C5%B3-subjekt%C5%B3-teisi%C5%B3-%C4%AFgyvendinimas.docx\" target=\"_blank\" rel=\"noopener noreferrer\">Duomen\u0173 subjekt\u0173 teisi\u0173 \u012fgyvendinimas<\/a><\/li>\n<li><a href=\"http:\/\/www.lakstingala.vilnius.lm.lt\/wp-content\/uploads\/2020\/01\/Asmens-duomen%C5%B3-tvarkymo-taisykl%C4%97s.docx\" target=\"_blank\" rel=\"noopener noreferrer\">Asmens duomen\u0173 tvarkymo taisykl\u0117s<\/a><\/li>\n<\/ul>\n<p><a href=\"http:\/\/www.lakstingala.vilnius.lm.lt\/wp-content\/uploads\/2015\/12\/PRI%C4%96MIMO-TVARKA-2020-m..pdf\" target=\"_blank\" rel=\"noopener noreferrer\">Sprendimas d\u0117l Vaik\u0173 pri\u0117mimo \u012f Vilniaus miesto \u0161vietimo \u012fstaig\u0173 ikimokyklinio ir prie\u0161mokyklinio ugdymo grupes organizavimo tvarkos apra\u0161as (2020 metai)<\/a><\/p>\n<p><a href=\"http:\/\/www.lakstingala.vilnius.lm.lt\/wp-content\/uploads\/2020\/03\/MOKES%C4%8CIO-TVARKA-DAR%C5%BDELI%C5%B2-2020-m.pdf\" target=\"_blank\" rel=\"noopener noreferrer\">Mokes\u010dio u\u017e vaiko i\u0161laikym\u0105 Vilniaus miesto savivaldyb\u0117s mokyklose, \u012fgyvendinan\u010diose ikimokyklinio ir prie\u0161mokyklinio ugdymo programas, nustatymo tvarkos apra\u0161as.<\/a><br \/>\n<a href=\"http:\/\/www.lakstingala.vilnius.lm.lt\/wp-content\/uploads\/2020\/03\/MOKES%C4%8CIO-TVARKA-DAR%C5%BDELI%C5%B2-2020-m.pdf\" target=\"_blank\" rel=\"noopener noreferrer\">D\u0117l mokes\u010dio u\u017e vaiko i\u0161laikym\u0105 Vilniaus miesto savivaldyb\u0117s mokyklose, \u012fgyvendinan\u010diose ikimokyklinio ir prie\u0161mokyklinio&nbsp; ugdymo programas, nustatymo tvarkos apra\u0161o tvirtinimo ir vienos dienos vaiko maitinimo normos nustatymo.<\/a><br \/>\n<a href=\"http:\/\/www.lakstingala.vilnius.lm.lt\/wp-content\/uploads\/2020\/03\/MOKES%C4%8CIO-TVARKA-DAR%C5%BDELI%C5%B2-2020-m.pdf\" target=\"_blank\" rel=\"noopener noreferrer\">Mokes\u010dio u\u017e vaiko ugdym\u0105 Vilniaus miesto savivaldyb\u0117s mokyklose, \u012fgyvendinan\u010diose ikimokyklinio ir prie\u0161mokyklinio ugdymo programas, panaudojimo apra\u0161as.<\/a><\/p>\n<ul>\n<li style=\"text-align: left;\"><strong><a href=\"https:\/\/www.vilnius.lt\/vaktai2011\/Defaultlite.aspx?Id=3&amp;DocId=30262889\" target=\"_blank\" rel=\"noopener noreferrer\">Vaik\u0173 pri\u0117mimo tvarka 2015<\/a><\/strong><\/li>\n<li style=\"text-align: left;\"><a href=\"http:\/\/www.lakstingala.vilnius.lm.lt\/wp-content\/uploads\/2017\/10\/1-dokumentas.pdf\" target=\"_blank\" rel=\"noopener noreferrer\"><b>MOKES\u010cIO U\u017d VAIKO UGDYM\u0104 VILNIAUS MIESTO SAVIVALDYB\u0116S MOKYKLOSE, \u012eGYVENDINAN\u010cIOSE IKIMOKYKLINIO IR PRIE\u0160MOKYKLINIO UGDYMO PROGRAMAS, PANAUDOJIMAS<\/b><\/a><\/li>\n<li style=\"text-align: left;\"><a href=\"http:\/\/www.lakstingala.vilnius.lm.lt\/wp-content\/uploads\/2017\/10\/2-dokumentas.pdf\" target=\"_blank\" rel=\"noopener noreferrer\"><b>INFORMACIJA APIE UGDYMO APLINKOS L\u0116\u0160\u0172 (68 EUR., KURIUOS SKYR\u0116 VILNIAUS MIESTO SAVIVALDYB\u0116 KIEKVIENAM VAIKUI METAMS) PANAUDOJIM\u0104<\/b><\/a><\/li>\n<li style=\"text-align: left;\"><strong><a href=\"http:\/\/www.lakstingala.vilnius.lm.lt\/wp-content\/uploads\/2018\/09\/Aprasoisakymas_adoc.pdf\" target=\"_blank\" rel=\"noopener noreferrer\">D\u0116L VAIK\u0172 MAITINIMO ORGANIZAVIMO TVARKOS APRA\u0160O PATVIRTINIMO<\/a><\/strong><\/li>\n<\/ul>\n","protected":false},"excerpt":{"rendered":"<p>Lietuvos \u012ftraukties \u0161vietimo centro&nbsp;specialistai pareng\u0117 lankstinukus t\u0117vams. Jei mokytojai si\u016blo \u012fvertinti vaiko ugdymosi poreikius, nat\u016bralu, kad t\u0117vams kyla klausim\u0173 ir nerimo. Lankstinukuose rasite ai\u0161ki\u0105 informacij\u0105 apie vertinimo &nbsp;&#8211; tiksl\u0105&nbsp;(1-Tevams_apie-ugdymosi-poreikiu-vertinima.pdf), &nbsp;&#8211;&nbsp;eig\u0105&nbsp;(2-Tevams-ugdymosi-poreikiu-vertinimo-eiga.pdf) mokykloje ir pedagogin\u0117je psichologin\u0117je tarnyboje,&nbsp; &#8211; patarimus&nbsp;(3-Tevams_kaip-parengti-vaika-pedagoginiam-psichologiniam-vertinimui.pdf), kaip parengti vaik\u0105, &hellip; <a href=\"https:\/\/www.lakstingala.vilnius.lm.lt\/?page_id=4981\">Skaitykite toliau <span class=\"meta-nav\">&rarr;<\/span><\/a><\/p>\n","protected":false},"author":1,"featured_media":0,"parent":74,"menu_order":0,"comment_status":"closed","ping_status":"closed","template":"","meta":{"ngg_post_thumbnail":0,"footnotes":""},"_links":{"self":[{"href":"https:\/\/www.lakstingala.vilnius.lm.lt\/index.php?rest_route=\/wp\/v2\/pages\/4981"}],"collection":[{"href":"https:\/\/www.lakstingala.vilnius.lm.lt\/index.php?rest_route=\/wp\/v2\/pages"}],"about":[{"href":"https:\/\/www.lakstingala.vilnius.lm.lt\/index.php?rest_route=\/wp\/v2\/types\/page"}],"author":[{"embeddable":true,"href":"https:\/\/www.lakstingala.vilnius.lm.lt\/index.php?rest_route=\/wp\/v2\/users\/1"}],"replies":[{"embeddable":true,"href":"https:\/\/www.lakstingala.vilnius.lm.lt\/index.php?rest_route=%2Fwp%2Fv2%2Fcomments&post=4981"}],"version-history":[{"count":5,"href":"https:\/\/www.lakstingala.vilnius.lm.lt\/index.php?rest_route=\/wp\/v2\/pages\/4981\/revisions"}],"predecessor-version":[{"id":5073,"href":"https:\/\/www.lakstingala.vilnius.lm.lt\/index.php?rest_route=\/wp\/v2\/pages\/4981\/revisions\/5073"}],"up":[{"embeddable":true,"href":"https:\/\/www.lakstingala.vilnius.lm.lt\/index.php?rest_route=\/wp\/v2\/pages\/74"}],"wp:attachment":[{"href":"https:\/\/www.lakstingala.vilnius.lm.lt\/index.php?rest_route=%2Fwp%2Fv2%2Fmedia&parent=4981"}],"curies":[{"name":"wp","href":"https:\/\/api.w.org\/{rel}","templated":true}]}}