{"id":5088,"date":"2025-12-13T11:00:51","date_gmt":"2025-12-13T09:00:51","guid":{"rendered":"https:\/\/www.lakstingala.vilnius.lm.lt\/?page_id=5088"},"modified":"2025-12-13T11:00:51","modified_gmt":"2025-12-13T09:00:51","slug":"ikt-panaudojimo-tvarka","status":"publish","type":"page","link":"https:\/\/www.lakstingala.vilnius.lm.lt\/?page_id=5088","title":{"rendered":"IKT panaudojimo tvarka"},"content":{"rendered":"<p><a href=\"http:\/\/www.lakstingala.vilnius.lm.lt\/wp-content\/uploads\/2025\/12\/IKT-PANAUDOJIMO-TVARKA.pdf\" target=\"_blank\" rel=\"noopener\">Vilniaus lop\u0161elio-dar\u017eelio \u201eLak\u0161tingala\u201c informacini\u0173 ir komunikacini\u0173 technologij\u0173 naudojimo bei darbuotoj\u0173 steb\u0117senos ir kontrol\u0117s darbo vietoje tvarkos apra\u0161as<\/a><\/p>\n","protected":false},"excerpt":{"rendered":"<p>Vilniaus lop\u0161elio-dar\u017eelio \u201eLak\u0161tingala\u201c informacini\u0173 ir komunikacini\u0173 technologij\u0173 naudojimo bei darbuotoj\u0173 steb\u0117senos ir kontrol\u0117s darbo vietoje tvarkos apra\u0161as<\/p>\n","protected":false},"author":1,"featured_media":0,"parent":74,"menu_order":3,"comment_status":"closed","ping_status":"closed","template":"","meta":{"ngg_post_thumbnail":0,"footnotes":""},"_links":{"self":[{"href":"https:\/\/www.lakstingala.vilnius.lm.lt\/index.php?rest_route=\/wp\/v2\/pages\/5088"}],"collection":[{"href":"https:\/\/www.lakstingala.vilnius.lm.lt\/index.php?rest_route=\/wp\/v2\/pages"}],"about":[{"href":"https:\/\/www.lakstingala.vilnius.lm.lt\/index.php?rest_route=\/wp\/v2\/types\/page"}],"author":[{"embeddable":true,"href":"https:\/\/www.lakstingala.vilnius.lm.lt\/index.php?rest_route=\/wp\/v2\/users\/1"}],"replies":[{"embeddable":true,"href":"https:\/\/www.lakstingala.vilnius.lm.lt\/index.php?rest_route=%2Fwp%2Fv2%2Fcomments&post=5088"}],"version-history":[{"count":1,"href":"https:\/\/www.lakstingala.vilnius.lm.lt\/index.php?rest_route=\/wp\/v2\/pages\/5088\/revisions"}],"predecessor-version":[{"id":5089,"href":"https:\/\/www.lakstingala.vilnius.lm.lt\/index.php?rest_route=\/wp\/v2\/pages\/5088\/revisions\/5089"}],"up":[{"embeddable":true,"href":"https:\/\/www.lakstingala.vilnius.lm.lt\/index.php?rest_route=\/wp\/v2\/pages\/74"}],"wp:attachment":[{"href":"https:\/\/www.lakstingala.vilnius.lm.lt\/index.php?rest_route=%2Fwp%2Fv2%2Fmedia&parent=5088"}],"curies":[{"name":"wp","href":"https:\/\/api.w.org\/{rel}","templated":true}]}}