{"id":818,"date":"2017-05-05T10:11:58","date_gmt":"2017-05-05T07:11:58","guid":{"rendered":"http:\/\/www.lakstingala.vilnius.lm.lt\/?page_id=818"},"modified":"2024-01-23T14:38:34","modified_gmt":"2024-01-23T12:38:34","slug":"laisvos-darbo-vietos","status":"publish","type":"page","link":"https:\/\/www.lakstingala.vilnius.lm.lt\/?page_id=818","title":{"rendered":"Laisvos darbo vietos"},"content":{"rendered":"<p><span style=\"color: #575756;\"><span style=\"font-family: Arial, serif;\"><span style=\"font-size: medium;\"><b>Darbo skelbimas:&nbsp;<\/b><\/span><\/span><\/span><span style=\"color: #575756;\"><span style=\"font-family: Arial, serif;\"><span style=\"font-size: medium;\">Vilniaus lop\u0161elis-dar\u017eelis &#8222;Lak\u0161tingala&#8221; , logopedas<\/span><\/span><\/span><\/p>\n<table dir=\"ltr\" width=\"537\" cellspacing=\"0\" cellpadding=\"1\" align=\"left\">\n<colgroup>\n<col width=\"103\">\n<col width=\"74\">\n<col width=\"355\"> <\/colgroup>\n<tbody>\n<tr valign=\"top\">\n<td bgcolor=\"#ffffff\" width=\"103\">\n<p class=\"western\" align=\"right\"><span style=\"color: #212529;\"><span style=\"font-family: Arial, serif;\"><b>Pareigos :<\/b><\/span><\/span><\/p>\n<\/td>\n<td colspan=\"2\" bgcolor=\"#ffffff\" width=\"430\">\n<p class=\"western\"><span style=\"color: #212529;\"> <span style=\"font-family: Arial, serif;\">Logopedas 1,0<\/span><\/span><\/p>\n<\/td>\n<\/tr>\n<tr valign=\"top\">\n<td bgcolor=\"#ffffff\" width=\"103\">\n<p class=\"western\" align=\"right\"><span style=\"color: #212529;\"><span style=\"font-family: Arial, serif;\"><b>Reikalavimai :<\/b><\/span><\/span><\/p>\n<\/td>\n<td colspan=\"2\" bgcolor=\"#ffffff\" width=\"430\">\n<ul>\n<li>\n<p class=\"western\"><span style=\"color: #212529;\"><span style=\"font-family: Arial, serif;\">Auk\u0161tasis universitetinis i\u0161silavinimas ir logopedo profesin\u0117 kvalifikacija.<\/span><\/span><\/p>\n<\/li>\n<li>\n<p class=\"western\"><span style=\"color: #212529;\"><span style=\"font-family: Arial, serif;\">\u012etraukiojo ugdymo metod\u0173 i\u0161manymas, geb\u0117jimas juos taikyti ugdymo procese.<\/span><\/span><\/p>\n<\/li>\n<li>\n<p class=\"western\"><span style=\"color: #212529;\"><span style=\"font-family: Arial, serif;\">Geb\u0117jimas bendrauti ir bendradarbiauti su pedagogais, kitais asmenimis, tiesiogiai dalyvaujan\u010diais ugdymo procese, speciali\u0173j\u0173 poreiki\u0173 mokini\u0173&nbsp;t\u0117vais (glob\u0117jais, r\u016bpintojais), pedagogini\u0173 psichologini\u0173&nbsp; tarnyb\u0173, sveikatos prie\u017ei\u016bros institucij\u0173 specialistais.<\/span><\/span><\/p>\n<\/li>\n<li>\n<p class=\"western\"><span style=\"color: #212529;\"><span style=\"font-family: Arial, serif;\">Geb\u0117jimas numatyti veiklos prioritetus, ugdymo proceso tikslus ir u\u017edavinius, veiklos turin\u012f, geb\u0117jimas dirbti su veikl\u0105 reglamentuojan\u010diais dokumentais.<\/span><\/span><\/p>\n<\/li>\n<li>\n<p class=\"western\"><span style=\"color: #212529;\"><span style=\"font-family: Arial, serif;\">Geb\u0117jimas dirbti IKT.<\/span><\/span><\/p>\n<\/li>\n<\/ul>\n<\/td>\n<\/tr>\n<tr valign=\"top\">\n<td bgcolor=\"#ffffff\" width=\"103\" height=\"99\">\n<p class=\"western\" align=\"right\"><span style=\"color: #212529;\"><span style=\"font-family: Arial, serif;\"><b>Dokumentai, kurie turi b\u016bti pateikti :<\/b><\/span><\/span><\/p>\n<\/td>\n<td colspan=\"2\" bgcolor=\"#ffffff\" width=\"430\">\n<ol>\n<li value=\"1\">\n<p class=\"western\"><span style=\"color: #212529;\"><span style=\"font-family: Arial, serif;\">Pra\u0161ymas leisti dalyvauti atrankoje;<\/span><\/span><\/p>\n<\/li>\n<\/ol>\n<p class=\"western\"><span style=\"color: #212529;\"><span style=\"font-family: Arial, serif;\">2. I\u0161silavinim\u0105 patvirtinan\u010dio dokumento kopija;<\/span><\/span><\/p>\n<p class=\"western\"><span style=\"color: #212529;\"><span style=\"font-family: Arial, serif;\">3.Gyvenimo apra\u0161ymas.<\/span><\/span><\/p>\n<\/td>\n<\/tr>\n<\/tbody>\n<tbody>\n<tr valign=\"top\">\n<td bgcolor=\"#ffffff\" width=\"103\" height=\"99\">&nbsp;<\/td>\n<td colspan=\"2\" bgcolor=\"#ffffff\" width=\"430\">\n<p class=\"western\"><span style=\"color: #212529;\"> <span style=\"font-family: Arial, serif;\">Atlyginimas u\u017e 1 et. nuo 1508 iki 1882,<\/span><\/span><span style=\"color: #212529;\"><span style=\"font-family: 'Times New Roman', serif;\"><span style=\"font-size: medium;\">. be pried\u0173 nuo 1508 iki 1882 eur\u0173, neatskai\u010dius mokes\u010di\u0173. Galimas didesnis logopedo darbo kr\u016bvis. Darbo sutartis neterminuota. Nemokamas va\u017eiavimas visuomeniniu transportu visomis savait\u0117s dienomis. Suteikiama galimyb\u0117 t\u0119sti studijas. Galimyb\u0117 maitintis darbe u\u017e nustatyt\u0105 mokest\u012f.<\/span><\/span><\/span><\/p>\n<\/td>\n<\/tr>\n<\/tbody>\n<tbody>\n<tr valign=\"top\">\n<td bgcolor=\"#ffffff\" width=\"103\" height=\"149\">&nbsp;<\/td>\n<td colspan=\"2\" bgcolor=\"#ffffff\" width=\"430\">\n<p class=\"western\"><span style=\"color: #212529;\"><span style=\"font-family: Arial, serif;\">Pretendentai, atitinkantys reikalavimus, bus informuojami asmeni\u0161kai ir kvie\u010diami pokalbiui.<\/span><\/span><\/p>\n<p class=\"western\"><span style=\"color: #212529;\"><span style=\"font-family: Arial, serif;\">Dokumentai priimami el. pa\u0161tu:&nbsp;<\/span><\/span><span style=\"color: #0000ff;\"><u><a href=\"mailto:rastine@lakstingala.vilnius.lm.lt\"><span style=\"font-family: Arial, serif;\">rastine@lakstingala.vilnius.lm.lt<\/span><\/a><\/u><\/span><span style=\"color: #212529;\"><span style=\"font-family: Arial, serif;\">&nbsp;arba adresu: Lak\u0161tingal\u0173 g. 10, Vilnius.<\/span><\/span><\/p>\n<\/td>\n<\/tr>\n<tr valign=\"top\">\n<td bgcolor=\"#ffffff\" width=\"103\">&nbsp;<\/td>\n<td colspan=\"2\" bgcolor=\"#ffffff\" width=\"430\">&nbsp;<\/td>\n<\/tr>\n<tr valign=\"top\">\n<td bgcolor=\"#ffffff\" width=\"103\">\n<p class=\"western\" align=\"right\"><span style=\"color: #212529;\"><span style=\"font-family: Arial, serif;\"><b>Adresas :<\/b><\/span><\/span><\/p>\n<\/td>\n<td colspan=\"2\" bgcolor=\"#ffffff\" width=\"430\">\n<p class=\"western\"><span style=\"color: #212529;\"><span style=\"font-family: Arial, serif;\">Lak\u0161tingal\u0173 g. 10, Vilnius<\/span><\/span><\/p>\n<\/td>\n<\/tr>\n<tr valign=\"top\">\n<td bgcolor=\"#ffffff\" width=\"103\">\n<p class=\"western\" align=\"right\"><span style=\"color: #212529;\"><span style=\"font-family: Arial, serif;\"><b>Skelbimo publikavimo data :<\/b><\/span><\/span><\/p>\n<\/td>\n<td colspan=\"2\" bgcolor=\"#ffffff\" width=\"430\">\n<p class=\"western\"><span style=\"color: #212529;\"><span style=\"font-family: Arial, serif;\">2023-11-20<\/span><\/span><\/p>\n<\/td>\n<\/tr>\n<tr valign=\"top\">\n<td bgcolor=\"#ffffff\" width=\"103\">\n<p class=\"western\" align=\"right\"><span style=\"color: #212529;\"><span style=\"font-family: Arial, serif;\"><b>Skelbimas galioja iki :<\/b><\/span><\/span><\/p>\n<\/td>\n<td colspan=\"2\" bgcolor=\"#ffffff\" width=\"430\">\n<p class=\"western\"><span style=\"color: #212529;\"><span style=\"font-family: Arial, serif;\">2024-03-01<\/span><\/span><\/p>\n<\/td>\n<\/tr>\n<tr valign=\"top\">\n<td colspan=\"2\" bgcolor=\"#ffffff\" width=\"179\">\n<p class=\"western\"><span style=\"color: #212529;\"><span style=\"font-family: Arial, serif;\"><b>Kontaktin\u0117 informacija :<\/b><\/span><\/span><\/p>\n<\/td>\n<td bgcolor=\"#ffffff\" width=\"355\">\n<p class=\"western\"><span style=\"color: #212529;\"><span style=\"font-family: Arial, serif;\">I\u0161sami informacija apie teikiama tel. (8 5) 2777998.<\/span><\/span><\/p>\n<\/td>\n<\/tr>\n<\/tbody>\n<\/table>\n<p>&nbsp;<\/p>\n<p><a name=\"_GoBack\"><\/a><\/p>\n<p><span style=\"color: #575756;\"><span style=\"font-family: 'Times New Roman', serif;\"><span style=\"font-size: medium;\"><b>Darbo skelbimas:&nbsp;<\/b><\/span><\/span><\/span><span style=\"color: #575756;\"><span style=\"font-family: 'Times New Roman', serif;\"><span style=\"font-size: medium;\">Vilniaus lop\u0161elis-dar\u017eelis &#8222;Lak\u0161tingala&#8221; , vir\u0117jas<\/span><\/span><\/span><\/p>\n<table width=\"537\" cellspacing=\"0\" cellpadding=\"1\">\n<colgroup>\n<col width=\"103\">\n<col width=\"430\"> <\/colgroup>\n<tbody>\n<tr valign=\"top\">\n<td bgcolor=\"#ffffff\" width=\"103\" height=\"49\">\n<p align=\"right\"><span style=\"color: #212529;\"><span style=\"font-family: 'Times New Roman', serif;\"><span style=\"font-size: medium;\"><b>Pareigos :<\/b><\/span><\/span><\/span><\/p>\n<\/td>\n<td bgcolor=\"#ffffff\" width=\"430\"><span style=\"color: #212529;\"> <span style=\"font-family: 'Times New Roman', serif;\"><span style=\"font-size: medium;\">Vir\u0117jas 1,3 et.<\/span><\/span><\/span><\/td>\n<\/tr>\n<tr valign=\"top\">\n<td bgcolor=\"#ffffff\" width=\"103\">\n<p align=\"right\"><span style=\"color: #212529;\"><span style=\"font-family: 'Times New Roman', serif;\"><span style=\"font-size: medium;\"><b>Reikalavimai :<\/b><\/span><\/span><\/span><\/p>\n<\/td>\n<td bgcolor=\"#ffffff\" width=\"430\">\n<p align=\"justify\"><span style=\"font-family: 'Times New Roman', serif;\"><span style=\"font-size: medium;\">1. Tur\u0117ti ne \u017eemesn\u012f kaip vidurinis i\u0161silavinim\u0105 ir \u012fgyt\u0105 profesin\u0119 kvalifikacij\u0105;<\/span><\/span><\/p>\n<p align=\"justify\"><a name=\"_GoBack\"><\/a> <span style=\"font-family: 'Times New Roman', serif;\"><span style=\"font-size: medium;\">2.I\u0161manyti maisto patiekal\u0173 gaminimo, saugaus laikymo ir vartojimo, asmens higienos reikalavimus;<\/span><\/span><\/p>\n<p align=\"justify\"><span style=\"font-family: 'Times New Roman', serif;\"><span style=\"font-size: medium;\">3.Mok\u0117ti lietuvi\u0173 kalb\u0105, jos mok\u0117jimo lygis turi atitikti teis\u0117s aktais nustatyt\u0173 valstybin\u0117s kalbos mok\u0117jimo kategorij\u0173 reikalavimus;<\/span><\/span><\/p>\n<p align=\"justify\"><span style=\"font-family: 'Times New Roman', serif;\"><span style=\"font-size: medium;\">4. B\u016bti darb\u0161tus, s\u0105\u017einingas, pareigingas, besilaikantis moralini\u0173 ir etini\u0173 norm\u0173.<\/span><\/span><\/p>\n<p>&nbsp;<\/p>\n<p><span style=\"font-family: 'Times New Roman', serif;\"><span style=\"font-size: medium;\">Privalumai:<\/span><\/span><\/p>\n<ul>\n<li><span style=\"font-family: 'Times New Roman', serif;\"><span style=\"font-size: medium;\">Geb\u0117jimas dirbti komandoje, savaranki\u0161kai planuoti, organizuoti darb\u0105;<\/span><\/span><\/li>\n<li><span style=\"font-family: 'Times New Roman', serif;\"><span style=\"font-size: medium;\">Atsakingumas, pastabumas, pareigingumas;<\/span><\/span><\/li>\n<li><span style=\"font-family: 'Times New Roman', serif;\"><span style=\"font-size: medium;\">Rekomendacijos i\u0161 ankstesni\u0173 darbovie\u010di\u0173.<\/span><\/span><\/li>\n<\/ul>\n<\/td>\n<\/tr>\n<tr valign=\"top\">\n<td bgcolor=\"#ffffff\" width=\"103\">\n<p align=\"right\"><span style=\"color: #212529;\"><span style=\"font-family: 'Times New Roman', serif;\"><span style=\"font-size: medium;\"><b>Dokumentai, kurie turi b\u016bti pateikti :<\/b><\/span><\/span><\/span><\/p>\n<\/td>\n<td bgcolor=\"#ffffff\" width=\"430\">\n<ol>\n<li value=\"1\"><span style=\"color: #212529;\"><span style=\"font-family: 'Times New Roman', serif;\"><span style=\"font-size: medium;\">Pra\u0161ym\u0105 leisti dalyvauti atrankoje;<\/span><\/span><\/span><\/li>\n<li><span style=\"color: #212529;\"><span style=\"font-family: 'Times New Roman', serif;\"><span style=\"font-size: medium;\">Asmens tapatyb\u0119 patvirtinan\u010dio dokumento kopij\u0105;<\/span><\/span><\/span><\/li>\n<li><span style=\"color: #212529;\"><span style=\"font-family: 'Times New Roman', serif;\"><span style=\"font-size: medium;\">I\u0161silavinim\u0105 patvirtinan\u010dio dokumento kopij\u0105;<\/span><\/span><\/span><\/li>\n<li><span style=\"color: #212529;\"><span style=\"font-family: 'Times New Roman', serif;\"><span style=\"font-size: medium;\">Gyvenimo apra\u0161ym\u0105.<\/span><\/span><\/span><\/li>\n<\/ol>\n<p><span style=\"color: #212529;\"><span style=\"font-family: 'Times New Roman', serif;\"><span style=\"font-size: medium;\">Pretendentai, atitinkantys reikalavimus, bus informuojami asmeni\u0161kai ir kvie\u010diami pokalbiui. Atlyginimas nuo 1252 eur\u0173. Darbo sutartis neterminuota. Nemokamas va\u017eiavimas visuomeniniu transportu visomis savait\u0117s dienomis. Galimyb\u0117 maitintis darbe u\u017e nustatyt\u0105 mokest\u012f.<\/span><\/span><\/span><\/p>\n<p><span style=\"color: #212529;\"><span style=\"font-family: 'Times New Roman', serif;\"><span style=\"font-size: medium;\">Dokumentai priimami el. pa\u0161tu:&nbsp;<\/span><\/span><\/span><span style=\"color: #0000ff;\"><u><a href=\"mailto:rastine@lakstingala.vilnius.lm.lt\"><span style=\"font-family: 'Times New Roman', serif;\"><span style=\"font-size: medium;\">rastine@lakstingala.vilnius.lm.lt<\/span><\/span><\/a><\/u><\/span><span style=\"color: #212529;\"><span style=\"font-family: 'Times New Roman', serif;\"><span style=\"font-size: medium;\">&nbsp;arba adresu: Lak\u0161tingal\u0173 g. 10, Vilnius.<\/span><\/span><\/span><\/td>\n<\/tr>\n<tr valign=\"top\">\n<td bgcolor=\"#ffffff\" width=\"103\">&nbsp;<\/td>\n<td bgcolor=\"#ffffff\" width=\"430\">&nbsp;<\/td>\n<\/tr>\n<tr valign=\"top\">\n<td bgcolor=\"#ffffff\" width=\"103\">\n<p align=\"right\"><span style=\"color: #212529;\"><span style=\"font-family: 'Times New Roman', serif;\"><span style=\"font-size: medium;\"><b>Adresas :<\/b><\/span><\/span><\/span><\/p>\n<\/td>\n<td bgcolor=\"#ffffff\" width=\"430\"><span style=\"color: #212529;\"><span style=\"font-family: 'Times New Roman', serif;\"><span style=\"font-size: medium;\">Lak\u0161tingal\u0173 g. 10, Vilnius, <\/span><\/span><\/span><\/td>\n<\/tr>\n<tr valign=\"top\">\n<td bgcolor=\"#ffffff\" width=\"103\">\n<p align=\"right\"><span style=\"color: #212529;\"><span style=\"font-family: 'Times New Roman', serif;\"><span style=\"font-size: medium;\"><b>Skelbimo publikavimo data :<\/b><\/span><\/span><\/span><\/p>\n<\/td>\n<td bgcolor=\"#ffffff\" width=\"430\"><span style=\"color: #212529;\"><span style=\"font-family: 'Times New Roman', serif;\"><span style=\"font-size: medium;\">2023-11-20<\/span><\/span><\/span><\/td>\n<\/tr>\n<tr valign=\"top\">\n<td bgcolor=\"#ffffff\" width=\"103\" height=\"43\">\n<p align=\"right\"><span style=\"color: #212529;\"><span style=\"font-family: 'Times New Roman', serif;\"><span style=\"font-size: medium;\"><b>Skelbimas galioja iki :<\/b><\/span><\/span><\/span><\/p>\n<\/td>\n<td bgcolor=\"#ffffff\" width=\"430\"><span style=\"color: #212529;\"> <span style=\"font-family: 'Times New Roman', serif;\"><span style=\"font-size: medium;\">2024-03-01<\/span><\/span><\/span><\/td>\n<\/tr>\n<\/tbody>\n<\/table>\n<p>&nbsp;<\/p>\n<table dir=\"ltr\" width=\"537\" cellspacing=\"0\" cellpadding=\"1\" align=\"left\">\n<colgroup>\n<col width=\"179\">\n<col width=\"355\"> <\/colgroup>\n<tbody>\n<tr valign=\"top\">\n<td bgcolor=\"#ffffff\" width=\"179\"><span style=\"color: #212529;\"><span style=\"font-family: Arial, serif;\"><b>Kontaktin\u0117 informacija :<\/b><\/span><\/span><\/td>\n<td bgcolor=\"#ffffff\" width=\"355\"><span style=\"color: #212529;\"><span style=\"font-family: Arial, serif;\">I\u0161sami informacija apie teikiama tel. (8 5) 2777998.<\/span><\/span><\/td>\n<\/tr>\n<\/tbody>\n<\/table>\n<p><span style=\"color: #575756;\"><span style=\"font-family: Arial, serif;\"><span style=\"font-size: medium;\"><b>Darbo skelbimas:&nbsp;<\/b><\/span><\/span><\/span><span style=\"color: #575756;\"><span style=\"font-family: Arial, serif;\"><span style=\"font-size: medium;\">Vilniaus lop\u0161elis-dar\u017eelis &#8222;Lak\u0161tingala&#8221; Ikimokyklinio ugdymo mokytoja<\/span><\/span><\/span><\/p>\n<p>&nbsp;<\/p>\n<table dir=\"ltr\" width=\"537\" cellspacing=\"0\" cellpadding=\"1\" align=\"left\">\n<colgroup>\n<col width=\"103\">\n<col width=\"74\">\n<col width=\"355\"> <\/colgroup>\n<tbody>\n<tr valign=\"top\">\n<td bgcolor=\"#ffffff\" width=\"103\">\n<p align=\"right\"><span style=\"color: #212529;\"><span style=\"font-family: Arial, serif;\"><b>Pareigos :<\/b><\/span><\/span><\/p>\n<\/td>\n<td colspan=\"2\" bgcolor=\"#ffffff\" width=\"430\"><span style=\"color: #212529;\"><span style=\"font-family: Arial, serif;\">Ikimokyklinio ugdymo mokytoja <\/span><\/span><\/td>\n<\/tr>\n<tr valign=\"top\">\n<td bgcolor=\"#ffffff\" width=\"103\">\n<p align=\"right\"><span style=\"color: #212529;\"><span style=\"font-family: Arial, serif;\"><b>Reikalavimai :<\/b><\/span><\/span><\/p>\n<\/td>\n<td colspan=\"2\" bgcolor=\"#ffffff\" width=\"430\">\n<ol>\n<li value=\"1\"><span style=\"color: #212529;\"><span style=\"font-family: Arial, serif;\">Auk\u0161tasis universitetinis\/neuniversitetinis i\u0161silavinimas edukologijos srityje ir ikimokyklinio ugdymo aukl\u0117tojos kvalifikacija;<\/span><\/span><\/li>\n<li><span style=\"color: #212529;\"><span style=\"font-family: Arial, serif;\">Geb\u0117jimas dirbti IKT;<\/span><\/span><\/li>\n<li><span style=\"color: #212529;\"><span style=\"font-family: Arial, serif;\">Puik\u016bs bendravimo \u012fg\u016bd\u017eiai su ikimokyklinio am\u017eiaus vaikais, t\u0117vais.<\/span><\/span><\/li>\n<li><span style=\"color: #212529;\"><span style=\"font-family: Arial, serif;\">Geb\u0117jimas numatyti veiklos prioritetus, ugdymo proceso tikslus ir u\u017edavinius, veiklos turin\u012f, geb\u0117jimas dirbti su veikl\u0105 reglamentuojan\u010diais dokumentais.<\/span><\/span><\/li>\n<\/ol>\n<p><span style=\"color: #212529;\">&nbsp;<\/span><span style=\"color: #212529;\"><span style=\"font-family: Arial, serif;\"><b>Geb\u0117jimai:<\/b><\/span><\/span><\/p>\n<ul>\n<li><span style=\"color: #212529;\"><span style=\"font-family: Arial, serif;\">Darb\u0161tumas, k\u016brybi\u0161kas, iniciatyvumas;<\/span><\/span><\/li>\n<li><span style=\"color: #212529;\"><span style=\"font-family: Arial, serif;\">Geb\u0117jimas dirbti komandoje, savaranki\u0161kai planuoti, organizuoti darb\u0105;<\/span><\/span><\/li>\n<li><span style=\"color: #212529;\"><span style=\"font-family: Arial, serif;\">Rengti dokumentus, geb\u0117ti &nbsp;skland\u017eiai reik\u0161ti mintis \u017eod\u017eiu ir ra\u0161tu;<\/span><\/span><\/li>\n<li><span style=\"color: #212529;\"><span style=\"font-family: Arial, serif;\">Geb\u0117ti dirbti su skirtingo am\u017eiaus ugdytiniais;<\/span><\/span><\/li>\n<\/ul>\n<\/td>\n<\/tr>\n<tr valign=\"top\">\n<td bgcolor=\"#ffffff\" width=\"103\">\n<p align=\"right\"><span style=\"color: #212529;\"><span style=\"font-family: Arial, serif;\"><b>Dokumentai, kurie turi b\u016bti pateikti :<\/b><\/span><\/span><\/p>\n<\/td>\n<td colspan=\"2\" bgcolor=\"#ffffff\" width=\"430\">\n<ol>\n<li value=\"1\"><span style=\"color: #212529;\"><span style=\"font-family: Arial, serif;\">Pra\u0161ym\u0105 leisti dalyvauti atrankoje;<\/span><\/span><\/li>\n<li><span style=\"color: #212529;\"><span style=\"font-family: Arial, serif;\">Asmens tapatyb\u0119 patvirtinan\u010dio dokumento kopij\u0105;<\/span><\/span><\/li>\n<li><span style=\"color: #212529;\"><span style=\"font-family: Arial, serif;\">I\u0161silavinim\u0105 patvirtinan\u010dio dokumento kopij\u0105;<\/span><\/span><\/li>\n<li><span style=\"color: #212529;\"><span style=\"font-family: Arial, serif;\">Pedagogo kvalifikacij\u0105 patvirtinan\u010dio dokumento kopij\u0105;<\/span><\/span><\/li>\n<li><span style=\"color: #212529;\"><span style=\"font-family: Arial, serif;\">Gyvenimo apra\u0161ym\u0105;<\/span><\/span><\/li>\n<\/ol>\n<p><span style=\"color: #212529;\"><span style=\"font-family: Arial, serif;\">Pretendentai, atitinkantys reikalavimus, bus informuojami asmeni\u0161kai ir kvie\u010diami pokalbiui.<\/span><\/span><span style=\"color: #212529;\"><span style=\"font-family: 'Times New Roman', serif;\"><span style=\"font-size: medium;\"> Atlyginimas u\u017e 1 et. be pried\u0173 nuo 1508 iki 1882 eur\u0173, neatskai\u010dius mokes\u010di\u0173. Darbo sutartis neterminuota. Nemokamas va\u017eiavimas visuomeniniu transportu visomis savait\u0117s dienomis. Suteikiama galimyb\u0117 t\u0119sti studijas. Galimyb\u0117 maitintis darbe u\u017e nustatyt\u0105 mokest\u012f.<\/span><\/span><\/span><\/p>\n<p><span style=\"color: #212529;\"><span style=\"font-family: Arial, serif;\">Dokumentai priimami el. pa\u0161tu:&nbsp;<\/span><\/span><span style=\"color: #0000ff;\"><u><a href=\"mailto:rastine@lakstingala.vilnius.lm.lt\"><span style=\"font-family: Arial, serif;\">rastine@lakstingala.vilnius.lm.lt<\/span><\/a><\/u><\/span><span style=\"color: #212529;\"><span style=\"font-family: Arial, serif;\">&nbsp;arba adresu: Lak\u0161tingal\u0173 g. 10, Vilnius.<\/span><\/span><\/td>\n<\/tr>\n<tr valign=\"top\">\n<td bgcolor=\"#ffffff\" width=\"103\">&nbsp;<\/td>\n<td colspan=\"2\" bgcolor=\"#ffffff\" width=\"430\">&nbsp;<\/td>\n<\/tr>\n<tr valign=\"top\">\n<td bgcolor=\"#ffffff\" width=\"103\">\n<p align=\"right\"><span style=\"color: #212529;\"><span style=\"font-family: Arial, serif;\"><b>Adresas :<\/b><\/span><\/span><\/p>\n<\/td>\n<td colspan=\"2\" bgcolor=\"#ffffff\" width=\"430\"><span style=\"color: #212529;\"><span style=\"font-family: Arial, serif;\">Lak\u0161tingal\u0173 g. 10, Vilnius<\/span><\/span><\/td>\n<\/tr>\n<tr valign=\"top\">\n<td bgcolor=\"#ffffff\" width=\"103\">\n<p align=\"right\"><span style=\"color: #212529;\"><span style=\"font-family: Arial, serif;\"><b>Skelbimo publikavimo data :<\/b><\/span><\/span><\/p>\n<\/td>\n<td colspan=\"2\" bgcolor=\"#ffffff\" width=\"430\"><span style=\"color: #212529;\"><span style=\"font-family: Arial, serif;\">2023-11-20<\/span><\/span><\/td>\n<\/tr>\n<tr valign=\"top\">\n<td bgcolor=\"#ffffff\" width=\"103\">\n<p align=\"right\"><span style=\"color: #212529;\"><span style=\"font-family: Arial, serif;\"><b>Skelbimas galioja iki :<\/b><\/span><\/span><\/p>\n<\/td>\n<td colspan=\"2\" bgcolor=\"#ffffff\" width=\"430\"><span style=\"color: #212529;\"><span style=\"font-family: Arial, serif;\">2024-03-01<\/span><\/span><\/td>\n<\/tr>\n<tr valign=\"top\">\n<td colspan=\"2\" bgcolor=\"#ffffff\" width=\"179\"><span style=\"color: #212529;\"><span style=\"font-family: Arial, serif;\"><b>Kontaktin\u0117 informacija :<\/b><\/span><\/span><\/td>\n<td bgcolor=\"#ffffff\" width=\"355\"><span style=\"color: #212529;\"><span style=\"font-family: Arial, serif;\">I\u0161sami informacija apie teikiama tel. (8 5) 2777998.<\/span><\/span><\/td>\n<\/tr>\n<\/tbody>\n<\/table>\n<p>&nbsp;<\/p>\n<p>&nbsp;<\/p>\n<p>&nbsp;<\/p>\n<p>&nbsp;<\/p>\n<p>&nbsp;<\/p>\n<p>&nbsp;<\/p>\n<p>&nbsp;<\/p>\n<p>&nbsp;<\/p>\n<p>&nbsp;<\/p>\n<p>&nbsp;<\/p>\n<p>&nbsp;<\/p>\n<p>&nbsp;<\/p>\n<p>&nbsp;<\/p>\n<p>&nbsp;<\/p>\n<p>&nbsp;<\/p>\n<p>&nbsp;<\/p>\n<p>&nbsp;<\/p>\n<p>&nbsp;<\/p>\n<p>&nbsp;<\/p>\n<p>&nbsp;<\/p>\n<p>&nbsp;<\/p>\n<p>&nbsp;<\/p>\n<p>&nbsp;<\/p>\n<p>&nbsp;<\/p>\n<p>&nbsp;<\/p>\n<p>&nbsp;<\/p>\n<p>&nbsp;<\/p>\n<p>&nbsp;<\/p>\n<p>&nbsp;<\/p>\n","protected":false},"excerpt":{"rendered":"<p>Darbo skelbimas:&nbsp;Vilniaus lop\u0161elis-dar\u017eelis &#8222;Lak\u0161tingala&#8221; , logopedas Pareigos : Logopedas 1,0 Reikalavimai : Auk\u0161tasis universitetinis i\u0161silavinimas ir logopedo profesin\u0117 kvalifikacija. \u012etraukiojo ugdymo metod\u0173 i\u0161manymas, geb\u0117jimas juos taikyti ugdymo procese. Geb\u0117jimas bendrauti ir bendradarbiauti su pedagogais, kitais asmenimis, tiesiogiai dalyvaujan\u010diais ugdymo procese, &hellip; <a href=\"https:\/\/www.lakstingala.vilnius.lm.lt\/?page_id=818\">Skaitykite toliau <span class=\"meta-nav\">&rarr;<\/span><\/a><\/p>\n","protected":false},"author":1,"featured_media":0,"parent":74,"menu_order":3,"comment_status":"closed","ping_status":"closed","template":"","meta":{"ngg_post_thumbnail":0,"footnotes":""},"_links":{"self":[{"href":"https:\/\/www.lakstingala.vilnius.lm.lt\/index.php?rest_route=\/wp\/v2\/pages\/818"}],"collection":[{"href":"https:\/\/www.lakstingala.vilnius.lm.lt\/index.php?rest_route=\/wp\/v2\/pages"}],"about":[{"href":"https:\/\/www.lakstingala.vilnius.lm.lt\/index.php?rest_route=\/wp\/v2\/types\/page"}],"author":[{"embeddable":true,"href":"https:\/\/www.lakstingala.vilnius.lm.lt\/index.php?rest_route=\/wp\/v2\/users\/1"}],"replies":[{"embeddable":true,"href":"https:\/\/www.lakstingala.vilnius.lm.lt\/index.php?rest_route=%2Fwp%2Fv2%2Fcomments&post=818"}],"version-history":[{"count":22,"href":"https:\/\/www.lakstingala.vilnius.lm.lt\/index.php?rest_route=\/wp\/v2\/pages\/818\/revisions"}],"predecessor-version":[{"id":4691,"href":"https:\/\/www.lakstingala.vilnius.lm.lt\/index.php?rest_route=\/wp\/v2\/pages\/818\/revisions\/4691"}],"up":[{"embeddable":true,"href":"https:\/\/www.lakstingala.vilnius.lm.lt\/index.php?rest_route=\/wp\/v2\/pages\/74"}],"wp:attachment":[{"href":"https:\/\/www.lakstingala.vilnius.lm.lt\/index.php?rest_route=%2Fwp%2Fv2%2Fmedia&parent=818"}],"curies":[{"name":"wp","href":"https:\/\/api.w.org\/{rel}","templated":true}]}}